2*b. Calculate the greatest common divisor of 20 and q.
4
Suppose -3*c = -1 + 16. Let g be (-1 + -26)*c/15. What is the highest common divisor of g and 99?
9
Suppose 5*v - 2*p = -2, 2*v + 5 = 5*p - 0. Suppose v = -3*r + 6*r + 18. Let f be (-33)/((27/r)/3). What is the greatest common factor of f and 33?
11
Let r be (-14)/(-4) + (-2)/4. Let g be 17 - r*(-3)/(-9). Let m(x) = x**3 + x**2. Let z be m(1). What is the greatest common factor of z and g?
2
Let n = 55 + 0. Calculate the highest common factor of 11 and n.
11
Suppose -4*y = 3*f + 1 - 10, 0 = 3*f + y - 18. Calculate the highest common divisor of 119 and f.
7
Let f = 125 + -63. What is the highest common factor of f and 31?
31
Let l(d) = d**3 + 8*d**2 + 3*d. Let n = 6 + -12. Let y be l(n). Calculate the greatest common factor of 6 and y.
6
Let a be 4/14 + (-102)/14. Let f(r) = -2*r - 10. Let h be f(a). Suppose b + 0*b - 2 = -2*l, 2*l + h*b + 4 = 0. What is the highest common factor of 12 and l?
2
Let b(f) be the first derivative of f**3/3 + 4*f**2 - 4*f + 4. Let i be b(6). What is the greatest common divisor of 20 and i?
20
Let l be -2*(-2)/(-8)*0. Suppose l = -2*n + 48 + 8. What is the highest common factor of n and 4?
4
Let a be 9/5*(-10)/(-3). Suppose -2*z = -4*f + a, -21 = -4*z - 0*f - 3*f. Let q be (-1 - -2)*z/1. Calculate the greatest common divisor of q and 33.
3
Let q(t) = t**2 + 7*t - 3. Let d be q(-7). Let n = 18 + d. What is the greatest common divisor of 135 and n?
15
Suppose 0 = 2*g + 8, 4*r = 3*g + g + 28. Let k = r + 7. Calculate the highest common divisor of k and 20.
10
Let a be (-6)/(-2)*-1 - -2. Let y(v) = 4*v - 1 - 12*v - 5*v. Let c be y(a). Calculate the highest common factor of 3 and c.
3
Let f = -9 - 13. Let u be (-246)/f + 14/(-77). Calculate the highest common factor of u and 11.
11
Let j be 2/3 + (0 - 201/(-9)). What is the greatest common factor of 23 and j?
23
Let k = 2 - 0. Let p(w) = -2*w - 6. Let d be p(-11). What is the highest common divisor of k and d?
2
Suppose -18*x = -23*x + 110. Calculate the greatest common divisor of x and 2.
2
Let a(y) be the third derivative of y**6/120 - y**5/12 + 7*y**4/24 - 2*y**3/3 + 6*y**2. Let m be a(4). Calculate the greatest common factor of m and 32.
8
Suppose 0 = 13*n - 10*n - 114. Calculate the greatest common divisor of 152 and n.
38
Let n be 3 - (-4 - 4/(-4)). Calculate the greatest common factor of n and 4.
2
Let x(q) = 4*q**2 - 12*q - 13. Let i be x(4). Suppose -3*y = -2*k - 2*k + 105, 39 = k - 5*y. What is the greatest common factor of k and i?
3
Let b be (42/3)/(2 - 0). Suppose -t + 5*o - 4 = b, -2*t - 35 = 3*o. Let h = t - -28. What is the greatest common divisor of 60 and h?
12
Suppose -2*r - 6 = 0, -3*r = 3*y - 11 + 8. Suppose f - 10 = -1. Let h be 30/f*(-132)/(-10). What is the highest common divisor of h and y?
4
Suppose 4*m - m = -4*y + 130, 3*m = -y + 136. Suppose -3*t = -2*z + 4*z - 51, -4*t + m = 2*z. What is the highest common factor of 3 and z?
3
Let y = -1 + 0. Let q be -4 + -2 - 2*y. Let r be (-27)/q + (-12)/16. What is the highest common divisor of 9 and r?
3
Let v = 4 + 16. Calculate the highest common factor of 8 and v.
4
Suppose -1 = -2*m + 5. Suppose -m*c + 8 = -c. Calculate the highest common factor of c and 4.
4
Suppose 14*s = 6*s + 120. What is the highest common factor of s and 15?
15
Suppose 3*i - 210 = -2*i. Suppose -u + 3*u - 3*c = 13, 2*c = -3*u + 52. Calculate the greatest common divisor of u and i.
14
Let o = 5 - -2. Calculate the greatest common factor of o and 35.
7
Suppose -5*o - 98 - 87 = 0. Let r = o - -65. What is the greatest common factor of r and 4?
4
Suppose 6*n + 7 = 49. Calculate the greatest common divisor of n and 49.
7
Suppose 3*g + 10 = 100. What is the highest common divisor of g and 20?
10
Suppose -2*f - 30 = -4*s, f + 4*f = -4*s - 5. Let v = s + 10. Calculate the greatest common divisor of v and 15.
15
Let v be 0 + (-3 + 4 - -1). Suppose -4*n + 3*p + 84 = 0, -v*n - 5*p + 52 = 2*n. Let x be (-182)/(-4) - (-1)/(-2). What is the greatest common factor of n and x?
9
Suppose -5 = -4*l - 13, -2*y + 30 = 3*l. Calculate the greatest common factor of y and 144.
18
Suppose 435 = 5*s - 3*l + 4*l, 4*s - 4*l = 372. What is the greatest common factor of 11 and s?
11
Suppose -5*l + 281 = -3*r, 0 = -l + 4*r + 27 + 36. Suppose 0 = 3*z - 4*p + 1, 13 = 2*p + 5. What is the highest common factor of z and l?
5
Suppose 0*m + 4*o - 31 = -3*m, -2*m - 4*o = -18. Calculate the greatest common divisor of 65 and m.
13
Let j(x) = x**3 - 3*x**2 - 4*x + 2. Let n be j(4). Suppose -3*m = n*d - 21, 7*m - 2*m = -2*d + 11. What is the greatest common factor of d and 6?
6
Let w(v) = v**2 - v - 18. Let z be w(7). Calculate the greatest common factor of z and 12.
12
Let r(b) = -b + 1. Let h be (-6)/5*(-10)/(-3). Let m be r(h). What is the highest common factor of 2 and m?
1
Suppose -2*s + 2*j = -6, 3*j - 19 = -3*s + 2*s. Calculate the highest common factor of 77 and s.
7
Suppose 8*j - 9*j = -16. Let n = -41 - -57. What is the greatest common divisor of n and j?
16
Suppose 5*c - 5 = -4*y, 4*y + 40 = -c + 5*c. Let i = y + 7. Suppose 4*x = 3*x + 22. Calculate the greatest common factor of x and i.
2
Suppose -6*j = -148 - 44. Calculate the greatest common divisor of j and 24.
8
Let u(q) = -17*q + 2. Let i be u(-4). What is the greatest common factor of 10 and i?
10
Let k be (0/2)/(3 - 2). Let b be (-24)/12 + (k - -14). Calculate the greatest common factor of 36 and b.
12
Suppose -5*f + 18 + 2 = 0. What is the greatest common factor of f and 20?
4
Let q be -3*(3 + -2)*-5. Let y(x) = x**3 - 7*x**2 + 9*x - 3. Let j be y(7). Suppose u - j = -3*u. Calculate the highest common factor of q and u.
15
Let z = 14 - 13. Let p be 0 + -2 + 19 + z. Calculate the greatest common factor of p and 162.
18
Suppose -3*g + 162 - 18 = 0. What is the greatest common factor of g and 12?
12
Suppose -200 = -5*f - 3*n, -2*f + 2*n = -2*n - 80. What is the greatest common divisor of 16 and f?
8
Let b(m) = m + 3. Let q(o) = -o**2 - 7*o. Let j be q(-7). Let t be b(j). What is the greatest common divisor of t and 6?
3
Let g(p) = -p**2 - 12*p - 6. Let k be g(-8). Calculate the highest common factor of k and 65.
13
Let s be 544/12*3 + 4. What is the highest common divisor of 56 and s?
28
Suppose 0*y = 3*y - 225. Suppose -3*f = 3*q - y, 2*q + 0*f = -4*f + 44. What is the greatest common divisor of 4 and q?
4
Suppose -o = 2*o. Suppose 3*v + o*v = 12. Suppose v*j = j + 96. Calculate the greatest common factor of j and 4.
4
Let f be 39/4 - 3/(-12). Suppose 0*q - 6*q + 150 = 0. What is the highest common factor of q and f?
5
Suppose d - 38 = -2*z, -3*z = -3*d - z + 82. Let p be 12/d - 624/(-15). Calculate the greatest common divisor of p and 28.
14
Let a(l) = l**3 + l + 0*l**3 - 4*l**2 + l**3 - 1 - l**3. Let d be a(4). Calculate the highest common divisor of 24 and d.
3
Let m = -140 - -210. What is the greatest common divisor of m and 10?
10
Let i(d) = d + 51. Let b be i(24). Calculate the highest common factor of 15 and b.
15
Let y = -6 + 3. Let t(b) = -5*b - 1. Let f be t(y). Let k be (8/6)/(8/588). Calculate the highest common factor of k and f.
14
Let r be ((-14)/44 + (-14)/77)*-4. What is the greatest common divisor of 32 and r?
2
Suppose -2*s - 42 = -2*t, -t - 4 - 53 = 2*s. Let d be (-1)/(-2) + s/4. Let c be (3/d)/(2/(-20)). What is the greatest common divisor of c and 25?
5
Let r be 119/35 + (2 - (-24)/(-10)). Calculate the highest common factor of r and 24.
3
Let o(m) = -m**2 + 9*m + 2. Let l be o(8). Calculate the highest common factor of l and 40.
10
Let w = 84 - 78. What is the highest common divisor of 2 and w?
2
Let x be ((-408)/(-3))/2 + (-2)/1. Calculate the greatest common divisor of 3 and x.
3
Suppose -2*q - 4 = -10. Let j = -115 + 270. Let s be 2/q + j/15. What is the greatest common divisor of 44 and s?
11
Suppose -99 = -h + 13. Let t = 49 - 33. Let s be t - ((-2 - 1) + 5). What is the highest common factor of s and h?
14
Let k = 30 + -43. Let r = k + 25. What is the greatest common factor of 4 and r?
4
Let b = -104 - -126. Calculate the highest common factor of 154 and b.
22
Suppose 19*h = 21*h - 44. Calculate the highest common factor of 33 and h.
11
Suppose -6*c + 0*c = -360. Calculate the highest common factor of 24 and c